e prime factors of 2568.
2, 3, 107
What are the prime factors of 904?
2, 113
List the prime factors of 28725.
3, 5, 383
List the prime factors of 1336.
2, 167
What are the prime factors of 865?
5, 173
What are the prime factors of 60?
2, 3, 5
List the prime factors of 69024.
2, 3, 719
List the prime factors of 1847.
1847
List the prime factors of 59042.
2, 53, 557
What are the prime factors of 2728?
2, 11, 31
What are the prime factors of 14413?
7, 29, 71
What are the prime factors of 644?
2, 7, 23
List the prime factors of 29945.
5, 53, 113
What are the prime factors of 5957?
7, 23, 37
What are the prime factors of 117855?
3, 5, 97
What are the prime factors of 16118?
2, 8059
What are the prime factors of 835?
5, 167
What are the prime factors of 36848?
2, 7, 47
What are the prime factors of 28230?
2, 3, 5, 941
What are the prime factors of 943?
23, 41
What are the prime factors of 6843?
3, 2281
List the prime factors of 4112.
2, 257
List the prime factors of 35024.
2, 11, 199
List the prime factors of 3957.
3, 1319
List the prime factors of 11482.
2, 5741
List the prime factors of 1484.
2, 7, 53
What are the prime factors of 1528?
2, 191
List the prime factors of 780.
2, 3, 5, 13
What are the prime factors of 138817?
7, 2833
List the prime factors of 4489.
67
List the prime factors of 353.
353
List the prime factors of 80342.
2, 17, 139
List the prime factors of 1539.
3, 19
What are the prime factors of 5893?
71, 83
List the prime factors of 7545.
3, 5, 503
List the prime factors of 695.
5, 139
What are the prime factors of 2583?
3, 7, 41
What are the prime factors of 80274?
2, 3, 17, 787
List the prime factors of 3609.
3, 401
List the prime factors of 34133.
11, 29, 107
List the prime factors of 5526.
2, 3, 307
What are the prime factors of 23137?
17, 1361
List the prime factors of 1396.
2, 349
List the prime factors of 1100.
2, 5, 11
List the prime factors of 1188.
2, 3, 11
What are the prime factors of 678?
2, 3, 113
List the prime factors of 3834.
2, 3, 71
List the prime factors of 3449.
3449
List the prime factors of 5746.
2, 13, 17
List the prime factors of 6703.
6703
What are the prime factors of 7346?
2, 3673
What are the prime factors of 1492?
2, 373
What are the prime factors of 36057?
3, 7, 17, 101
What are the prime factors of 778?
2, 389
What are the prime factors of 826?
2, 7, 59
List the prime factors of 35127.
3, 1301
What are the prime factors of 687?
3, 229
What are the prime factors of 114521?
11, 29, 359
What are the prime factors of 9347?
13, 719
List the prime factors of 92466.
2, 3, 11, 467
List the prime factors of 1504.
2, 47
What are the prime factors of 2247?
3, 7, 107
List the prime factors of 1006.
2, 503
List the prime factors of 1127.
7, 23
List the prime factors of 343.
7
What are the prime factors of 147639?
3, 29, 1697
What are the prime factors of 61063?
227, 269
What are the prime factors of 2489?
19, 131
List the prime factors of 44985.
3, 5, 2999
What are the prime factors of 9913?
23, 431
List the prime factors of 9576.
2, 3, 7, 19
List the prime factors of 2176.
2, 17
What are the prime factors of 24080?
2, 5, 7, 43
List the prime factors of 1258.
2, 17, 37
What are the prime factors of 7816?
2, 977
List the prime factors of 16533.
3, 11, 167
List the prime factors of 549.
3, 61
What are the prime factors of 1363?
29, 47
List the prime factors of 955.
5, 191
List the prime factors of 50917.
59, 863
What are the prime factors of 4057?
4057
What are the prime factors of 1664?
2, 13
List the prime factors of 8114.
2, 4057
What are the prime factors of 160?
2, 5
List the prime factors of 48897.
3, 1811
What are the prime factors of 30568?
2, 3821
What are the prime factors of 185484?
2, 3, 13, 29, 41
What are the prime factors of 8207?
29, 283
What are the prime factors of 2490?
2, 3, 5, 83
What are the prime factors of 22736?
2, 7, 29
What are the prime factors of 575?
5, 23
List the prime factors of 172.
2, 43
List the prime factors of 335.
5, 67
What are the prime factors of 2438?
2, 23, 53
List the prime factors of 16909.
37, 457
List the prime factors of 3560.
2, 5, 89
List the prime factors of 6735.
3, 5, 449
What are the prime factors of 1296?
2, 3
What are the prime factors of 554?
2, 277
What are the prime factors of 1316?
2, 7, 47
What are the prime factors of 838?
2, 419
What are the prime factors of 20569?
67, 307
What are the prime factors of 31946?
2, 15973
What are the prime factors of 25912?
2, 41, 79
List the prime factors of 68966.
2, 34483
List the prime factors of 2946.
2, 3, 491
What are the prime factors of 3954?
2, 3, 659
List the prime factors of 3916.
2, 11, 89
What are the prime factors of 23031?
3, 853
What are the prime factors of 35986?
2, 19, 947
List the prime factors of 43409.
83, 523
What are the prime factors of 39456?
2, 3, 137
What are the prime factors of 2301?
3, 13, 59
List the prime factors of 1114.
2, 557
List the prime factors of 9444.
2, 3, 787
What are the prime factors of 10116?
2, 3, 281
What are the prime factors of 9014?
2, 4507
What are the prime factors of 4657?
4657
List the prime factors of 32222.
2, 16111
List the prime factors of 81600.
2, 3, 5, 17
What are the prime factors of 18391?
53, 347
List the prime factors of 26561.
26561
What are the prime factors of 14731?
14731
What are the prime factors of 66645?
3, 5, 1481
What are the prime factors of 1676?
2, 419
List the prime factors of 16694.
2, 17, 491
What are the prime factors of 2350?
2, 5, 47
What are the prime factors of 618?
2, 3, 103
What are the prime factors of 4792?
2, 599
List the prime factors of 5988.
2, 3, 499
List the prime factors of 65554.
2, 73, 449
List the prime factors of 3433.
3433
What are the prime factors of 143538?
2, 3, 47, 509
List the prime factors of 107280.
2, 3, 5, 149
List the prime factors of 2193.
3, 17, 43
List the prime factors of 54197.
11, 13, 379
List the prime factors of 1391.
13, 107
What are the prime factors of 5330?
2, 5, 13, 41
What are the prime factors of 11084?
2, 17, 163
List the prime factors of 2412.
2, 3, 67
List the prime factors of 7233.
3, 2411
List the prime factors of 12292.
2, 7, 439
What are the prime factors of 813?
3, 271
What are the prime factors of 8965?
5, 11, 163
What are the prime factors of 62170?
2, 5, 6217
What are the prime factors of 18027?
3, 2003
What are the prime factors of 7822?
2, 3911
List the prime factors of 194.
2, 97
List the prime factors of 1627.
1627
What are the prime factors of 487?
487
What are the prime factors of 6650?
2, 5, 7, 19
List the prime factors of 55676.
2, 31, 449
List the prime factors of 6740.
2, 5, 337
What are the prime factors of 26208?
2, 3, 7, 13
What are the prime factors of 91?
7, 13
What are the prime factors of 131225?
5, 29, 181
List the prime factors of 3236.
2, 809
List the prime factors of 520.
2, 5, 13
What are the prime factors of 69967?
31, 37, 61
What are the prime factors of 59053?
59053
What are the prime factors of 20265?
3, 5, 7, 193
List the prime factors of 12518.
2, 11, 569
List the prime factors of 5319.
3, 197
What are the prime factors of 6389?
6389
What are the prime factors of 2443?
7, 349
What are the prime factors of 9685?
5, 13, 149
List the prime factors of 12447.
3, 461
What are the prime factors of 3873?
3, 1291
List the prime factors of 1715.
5, 7
List the prime factors of 275.
5, 11
List the prime factors of 737.
11, 67
List the prime factors of 2769.
3, 13, 71
List the prime factors of 13667.
79, 173
List the prime factors of 1952.
2, 61
List the prime factors of 142.
2, 71
List the prime factors of 3470.
2, 5, 347
List the prime factors of 25044.
2, 3, 2087
What are the prime factors of 4267?
17, 251
List the prime factors of 9116.
2, 43, 53
What are the prime factors of 299?
13, 23
List the prime factors of 5821.
5821
List the prime factors of 9577.
61, 157
What are the prime factors of 1686?
2, 3, 281
List the prime factors of 680.
2, 5, 17
List the prime factors of 5621.
7, 11, 73
What are the prime factors of 39720?
2, 3, 5, 331
List the prime factors of 61506.
2, 3, 17, 67
List the prime factors of 3937.
31, 127
List the prime factors of 10962.
2, 3, 7, 29
List the prime factors of 1965.
3, 5, 131
List the prime factors of 8305.
5, 11, 151
What are t